{"id":34008,"date":"2022-06-01T08:06:26","date_gmt":"2022-06-01T06:06:26","guid":{"rendered":"https:\/\/www.santacole.com\/exposicion\/25-anos-de-tripode-un-totem-contemporaneo\/"},"modified":"2022-06-01T08:06:26","modified_gmt":"2022-06-01T06:06:26","slug":"25-anos-de-tripode-un-totem-contemporaneo","status":"publish","type":"exposicion","link":"https:\/\/www.santacole.com\/es\/exposicion\/25-anos-de-tripode-un-totem-contemporaneo\/","title":{"rendered":"25 a\u00f1os de Tr\u00edpode. Un t\u00f3tem contempor\u00e1neo"},"content":{"rendered":"","protected":false},"featured_media":0,"parent":0,"template":"","meta":{"_acf_changed":false},"class_list":["post-34008","exposicion","type-exposicion","status-publish","hentry","entry"],"acf":{"en_cual_galeria":null,"lugar":"Galer\u00eda Santa & Cole Barcelona","fecha_final":"20220630","imagen_principal":"[link_wp_dam ids=\"6952\" template=\"single-image\" size=\"x2400\"]","fecha_inicial":"20220601"},"_links":{"self":[{"href":"https:\/\/www.santacole.com\/es\/wp-json\/wp\/v2\/exposicion\/34008","targetHints":{"allow":["GET"]}}],"collection":[{"href":"https:\/\/www.santacole.com\/es\/wp-json\/wp\/v2\/exposicion"}],"about":[{"href":"https:\/\/www.santacole.com\/es\/wp-json\/wp\/v2\/types\/exposicion"}],"wp:attachment":[{"href":"https:\/\/www.santacole.com\/es\/wp-json\/wp\/v2\/media?parent=34008"}],"curies":[{"name":"wp","href":"https:\/\/api.w.org\/{rel}","templated":true}]}}

25 años de Trípode. Un tótem contemporáneo

Galería Santa & Cole Barcelona
