{"id":33991,"date":"2023-09-28T08:44:30","date_gmt":"2023-09-28T06:44:30","guid":{"rendered":"https:\/\/www.santacole.com\/exposicion\/reticulas-6-arquetipos-francesc-catala-roca-and-silvia-martinez-palou\/"},"modified":"2023-09-28T08:44:30","modified_gmt":"2023-09-28T06:44:30","slug":"reticulas-6-arquetipos-francesc-catala-roca-and-silvia-martinez-palou","status":"publish","type":"exposicion","link":"https:\/\/www.santacole.com\/en\/exposicion\/reticulas-6-arquetipos-francesc-catala-roca-and-silvia-martinez-palou\/","title":{"rendered":"Ret\u00edculas (6 arquetipos). Francesc Catal\u00e0-Roca and S\u00edlvia Mart\u00ednez Palou"},"content":{"rendered":"","protected":false},"featured_media":0,"parent":0,"template":"","meta":{"_acf_changed":false},"class_list":["post-33991","exposicion","type-exposicion","status-publish","hentry","entry"],"acf":{"en_cual_galeria":null,"lugar":"Galer\u00eda Santa & Cole Barcelona","fecha_final":null,"imagen_principal":"[link_wp_dam ids=\"7375\" template=\"single-image\" size=\"x2400\"]","fecha_inicial":"20230928"},"distributor_meta":false,"distributor_terms":false,"distributor_media":false,"distributor_original_site_name":"Santa &amp; Cole","distributor_original_site_url":"https:\/\/www.santacole.com\/en\/","push-errors":false,"_links":{"self":[{"href":"https:\/\/www.santacole.com\/en\/wp-json\/wp\/v2\/exposicion\/33991","targetHints":{"allow":["GET"]}}],"collection":[{"href":"https:\/\/www.santacole.com\/en\/wp-json\/wp\/v2\/exposicion"}],"about":[{"href":"https:\/\/www.santacole.com\/en\/wp-json\/wp\/v2\/types\/exposicion"}],"wp:attachment":[{"href":"https:\/\/www.santacole.com\/en\/wp-json\/wp\/v2\/media?parent=33991"}],"curies":[{"name":"wp","href":"https:\/\/api.w.org\/{rel}","templated":true}]}}

Retículas (6 arquetipos). Francesc Català-Roca and Sílvia Martínez Palou

Galería Santa & Cole Barcelona
